{"id":180,"date":"2020-01-14T14:10:44","date_gmt":"2020-01-14T13:10:44","guid":{"rendered":"https:\/\/bueser-akademie.com\/?page_id=180"},"modified":"2020-07-24T11:29:19","modified_gmt":"2020-07-24T10:29:19","slug":"seminare-workshop","status":"publish","type":"page","link":"https:\/\/bueser-akademie.com\/index.php\/seminare-workshop\/","title":{"rendered":"Seminare\/Workshops"},"content":{"rendered":"<p>[vc_row][vc_column width=&#8220;5\/6&#8243;][vc_column_text]Unsere <a href=\"https:\/\/bueser-akademie.com\/wp-content\/uploads\/2020\/02\/Seminarangebot-2020-Dr.-B\u00fcser-Management-Akademie.pdf\">Trainings, Workshops und Assessment Center<\/a> werden gepr\u00e4gt durch folgende Charakteristik:<br \/>\nSie &#8230;<\/p>\n<ul>\n<li>&#8230; sind individuell angepasst an die Teilnehmer und an Ihr Unternehmen. <a href=\"https:\/\/bueser-akademie.com\/index.php\/kontakt\/\">Sprechen Sie vorab mit uns<\/a>!<\/li>\n<li>&#8230; k\u00f6nnen als 1-t\u00e4gige, 2-t\u00e4gige oder 3-t\u00e4gige Trainings bestellt werden. Auch Varianten wie 2x 1-t\u00e4gige Trainings sind m\u00f6glich.<\/li>\n<li>&#8230; werden von erstklassigen <a href=\"https:\/\/bueser-akademie.com\/index.php\/experten\/\">Trainern<\/a> durchgef\u00fchrt. Alle Trainer sind top ausgebildet, am Puls der Zeit, praxiserfahren und ausgewogene Pers\u00f6nlichkeiten.<\/li>\n<li>&#8230; stellen den Praxisnutzen f\u00fcr die Teilnehmer und das Unternehmen in den Vordergrund. Gute Theorie \u2013 die braucht man f\u00fcr eine gute Praxis \u2013 ist einfach, weil wir die dahinterstehende Komplexit\u00e4t f\u00fcr Sie verarbeitet und vereinfacht haben.<\/li>\n<li>Alle Trainer haben eine fundierte didaktische Ausbildung und viel Lehrerfahrung. Wir nutzen intensiv die aktuellen Erkenntnisse f\u00fcr hirngerechtes <a href=\"https:\/\/bueser-akademie.com\/index.php\/lernen\/\">Lernen<\/a>.<\/li>\n<li>Jedem Seminar liegt ein differenziertes <a href=\"https:\/\/bueser-akademie.com\/index.php\/lernen\/\">Trainingskonzept<\/a> zugrunde.<\/li>\n<li>Abwechslungsreiche Durchf\u00fchrung der Seminare \u2013 Verkn\u00fcpfung von Input, Reflexion, Praxis\u00fcbungen und Events. Effektives Lernen macht Spa\u00df! Interesse? <a href=\"https:\/\/bueser-akademie.com\/index.php\/kontakt\/\">Sprechen Sie uns an<\/a>!<\/li>\n<\/ul>\n<p>[\/vc_column_text][\/vc_column][vc_column width=&#8220;1\/6&#8243;][vc_icon display=&#8220;inline&#8220; icon=&#8220;fa fa-file-pdf-o&#8220; icon_color=&#8220;color-169240&#8243; background_style=&#8220;fa-rounded&#8220; size=&#8220;fa-3x&#8220; heading_semantic=&#8220;p&#8220; text_font=&#8220;font-275683&#8243; text_size=&#8220;&#8220; title=&#8220;Seminarkatalog 2020&#8243; link=&#8220;url:https%3A%2F%2Fbueser-akademie.com%2Fwp-content%2Fuploads%2F2020%2F02%2FSeminarangebot-2020-Dr.-B%C3%BCser-Management-Akademie.pdf|||&#8220;][\/vc_icon][\/vc_column][\/vc_row][vc_row][vc_column width=&#8220;1\/1&#8243;][vc_single_image media=&#8220;87&#8243; media_width_percent=&#8220;100&#8243;][\/vc_column][\/vc_row]<\/p>\n","protected":false},"excerpt":{"rendered":"<p>[vc_row][vc_column width=&#8220;5\/6&#8243;][vc_column_text]Unsere Trainings, Workshops und Assessment Center werden gepr\u00e4gt durch folgende Charakteristik: Sie &#8230; &#8230; sind individuell angepasst an die [&hellip;]<\/p>\n","protected":false},"author":2,"featured_media":0,"parent":0,"menu_order":0,"comment_status":"closed","ping_status":"closed","template":"","meta":[],"_links":{"self":[{"href":"https:\/\/bueser-akademie.com\/index.php\/wp-json\/wp\/v2\/pages\/180"}],"collection":[{"href":"https:\/\/bueser-akademie.com\/index.php\/wp-json\/wp\/v2\/pages"}],"about":[{"href":"https:\/\/bueser-akademie.com\/index.php\/wp-json\/wp\/v2\/types\/page"}],"author":[{"embeddable":true,"href":"https:\/\/bueser-akademie.com\/index.php\/wp-json\/wp\/v2\/users\/2"}],"replies":[{"embeddable":true,"href":"https:\/\/bueser-akademie.com\/index.php\/wp-json\/wp\/v2\/comments?post=180"}],"version-history":[{"count":13,"href":"https:\/\/bueser-akademie.com\/index.php\/wp-json\/wp\/v2\/pages\/180\/revisions"}],"predecessor-version":[{"id":2538,"href":"https:\/\/bueser-akademie.com\/index.php\/wp-json\/wp\/v2\/pages\/180\/revisions\/2538"}],"wp:attachment":[{"href":"https:\/\/bueser-akademie.com\/index.php\/wp-json\/wp\/v2\/media?parent=180"}],"curies":[{"name":"wp","href":"https:\/\/api.w.org\/{rel}","templated":true}]}}

<p>[vc_row][vc_column width=&#8220;5/6&#8243;][vc_column_text]Unsere <a href="https://bueser-akademie.com/wp-content/uploads/2020/02/Seminarangebot-2020-Dr.-Büser-Management-Akademie.pdf">Trainings, Workshops und Assessment Center</a> werden geprägt durch folgende Charakteristik:<br />
Sie &#8230;</p>
<ul>
<li>&#8230; sind individuell angepasst an die Teilnehmer und an Ihr Unternehmen. <a href="https://bueser-akademie.com/index.php/kontakt/">Sprechen Sie vorab mit uns</a>!</li>
<li>&#8230; können als 1-tägige, 2-tägige oder 3-tägige Trainings bestellt werden. Auch Varianten wie 2x 1-tägige Trainings sind möglich.</li>
<li>&#8230; werden von erstklassigen <a href="https://bueser-akademie.com/index.php/experten/">Trainern</a> durchgeführt. Alle Trainer sind top ausgebildet, am Puls der Zeit, praxiserfahren und ausgewogene Persönlichkeiten.</li>
<li>&#8230; stellen den Praxisnutzen für die Teilnehmer und das Unternehmen in den Vordergrund. Gute Theorie – die braucht man für eine gute Praxis – ist einfach, weil wir die dahinterstehende Komplexität für Sie verarbeitet und vereinfacht haben.</li>
<li>Alle Trainer haben eine fundierte didaktische Ausbildung und viel Lehrerfahrung. Wir nutzen intensiv die aktuellen Erkenntnisse für hirngerechtes <a href="https://bueser-akademie.com/index.php/lernen/">Lernen</a>.</li>
<li>Jedem Seminar liegt ein differenziertes <a href="https://bueser-akademie.com/index.php/lernen/">Trainingskonzept</a> zugrunde.</li>
<li>Abwechslungsreiche Durchführung der Seminare – Verknüpfung von Input, Reflexion, Praxisübungen und Events. Effektives Lernen macht Spaß! Interesse? <a href="https://bueser-akademie.com/index.php/kontakt/">Sprechen Sie uns an</a>!</li>
</ul>
<p>[/vc_column_text][/vc_column][vc_column width=&#8220;1/6&#8243;][vc_icon display=&#8220;inline&#8220; icon=&#8220;fa fa-file-pdf-o&#8220; icon_color=&#8220;color-169240&#8243; background_style=&#8220;fa-rounded&#8220; size=&#8220;fa-3x&#8220; heading_semantic=&#8220;p&#8220; text_font=&#8220;font-275683&#8243; text_size=&#8220;&#8220; title=&#8220;Seminarkatalog 2020&#8243; link=&#8220;url:https%3A%2F%2Fbueser-akademie.com%2Fwp-content%2Fuploads%2F2020%2F02%2FSeminarangebot-2020-Dr.-B%C3%BCser-Management-Akademie.pdf|||&#8220;][/vc_icon][/vc_column][/vc_row][vc_row][vc_column width=&#8220;1/1&#8243;][vc_single_image media=&#8220;87&#8243; media_width_percent=&#8220;100&#8243;][/vc_column][/vc_row]</p>

<p>[vc_row][vc_column width=&#8220;5/6&#8243;][vc_column_text]Unsere Trainings, Workshops und Assessment Center werden geprägt durch folgende Charakteristik: Sie &#8230; &#8230; sind individuell angepasst an die [&hellip;]</p>
