{"id":2473,"date":"2020-07-23T14:24:06","date_gmt":"2020-07-23T13:24:06","guid":{"rendered":"https:\/\/bueser-akademie.com\/?page_id=2473"},"modified":"2020-08-25T09:43:34","modified_gmt":"2020-08-25T08:43:34","slug":"digitalisierung-grundlagen_v2","status":"publish","type":"page","link":"https:\/\/bueser-akademie.com\/index.php\/digitalisierung-grundlagen_v2\/","title":{"rendered":"Digitalisierung \u2013 Grundlagen"},"content":{"rendered":"<p>[vc_row][vc_column column_width_percent=&#8220;100&#8243; gutter_size=&#8220;3&#8243; overlay_alpha=&#8220;50&#8243; shift_x=&#8220;0&#8243; shift_y=&#8220;0&#8243; shift_y_down=&#8220;0&#8243; z_index=&#8220;0&#8243; medium_width=&#8220;0&#8243; mobile_width=&#8220;0&#8243; width=&#8220;1\/1&#8243;][vc_custom_heading text_color=&#8220;color-138194&#8243;]<\/p>\n<h1><span style=\"font-size: 18pt;\"><strong><span style=\"font-family: Open Sans;\">Digitalisierung \u2013 Grundlagen<\/span><\/strong><\/span><\/h1>\n<p>[\/vc_custom_heading][\/vc_column][\/vc_row][vc_row][vc_column column_width_percent=&#8220;100&#8243; gutter_size=&#8220;3&#8243; overlay_alpha=&#8220;50&#8243; shift_x=&#8220;0&#8243; shift_y=&#8220;-2&#8243; shift_y_down=&#8220;0&#8243; z_index=&#8220;0&#8243; medium_width=&#8220;0&#8243; mobile_width=&#8220;0&#8243; width=&#8220;1\/1&#8243;][vc_single_image media=&#8220;2186&#8243; media_width_percent=&#8220;100&#8243;][\/vc_column][\/vc_row][vc_row row_height_percent=&#8220;0&#8243; overlay_alpha=&#8220;50&#8243; gutter_size=&#8220;3&#8243; column_width_percent=&#8220;100&#8243; shift_y=&#8220;0&#8243; z_index=&#8220;0&#8243;][vc_column column_width_percent=&#8220;100&#8243; gutter_size=&#8220;3&#8243; overlay_alpha=&#8220;50&#8243; shift_x=&#8220;0&#8243; shift_y=&#8220;-2&#8243; shift_y_down=&#8220;0&#8243; z_index=&#8220;0&#8243; medium_width=&#8220;0&#8243; mobile_width=&#8220;0&#8243; width=&#8220;2\/3&#8243; css=&#8220;.vc_custom_1595925187840{padding-top: 6px !important;}&#8220;][vc_column_text]Dieses umfangreiche Grundlagenmodul spricht als Einstieg alle relevanten Teilbereiche der Digitalisierung an, die in den anderen WBTs detailliert fortgef\u00fchrt werden.<\/p>\n<p>Sie erfahren die Hintergr\u00fcnde des digitalen Wandels und seiner Technologien. Zus\u00e4tzlich informiert das WBT \u00fcber m\u00f6gliche Auswirkungen auf Arbeit und Industrie (und damit nicht zuletzt auch auf Gesellschaft und Politik) und beleuchtet ebenso die Schattenseiten.<\/p>\n<p><span style=\"font-family: Open Sans; font-size: 18pt;\"><strong>Inhalte:<br \/>\n<\/strong><\/span><span style=\"font-family: Open Sans; font-size: 12pt;\">Folgenden Themen werden behandelt:<\/span>[\/vc_column_text][vc_accordion][vc_accordion_tab title=&#8220;Rahmenbedingungen&#8220; tab_id=&#8220;1595510982-1-27&#8243;][vc_column_text]<\/p>\n<ul>\n<li>Begriffserkl\u00e4rung<\/li>\n<li>Digitaltechnologien<\/li>\n<li>Datenverst\u00e4ndnis<\/li>\n<li>K\u00fcnstliche Intelligenz<\/li>\n<li>Digitale \u00d6konomie<\/li>\n<li>Digitale Medienkompetenz<\/li>\n<li>Digital Working<\/li>\n<li>Blockchain-Technologie<\/li>\n<li>Internet of Things<\/li>\n<\/ul>\n<p>[\/vc_column_text][\/vc_accordion_tab][vc_accordion_tab title=&#8220;Digitale Transformation&#8220; tab_id=&#8220;1595510982-2-68&#8243;][vc_column_text]<\/p>\n<ul>\n<li>Begriffserkl\u00e4rung<\/li>\n<li>Digital Business<\/li>\n<li>Komponenten<\/li>\n<li>Erfolgsfaktoren f\u00fcr Digitalisierung<\/li>\n<li>Prozessschritte<\/li>\n<\/ul>\n<p>[\/vc_column_text][\/vc_accordion_tab][vc_accordion_tab title=&#8220;Industrie 4.0&#8243; tab_id=&#8220;1595511798468-2-7&#8243;][vc_column_text]<\/p>\n<ul>\n<li>Voraussetzungen<\/li>\n<li>Begriffsherkunft<\/li>\n<li>Was bedeutet Industrie 4.0?<\/li>\n<li>Automatisierung<\/li>\n<li>Smart Factory<\/li>\n<\/ul>\n<p>[\/vc_column_text][\/vc_accordion_tab][vc_accordion_tab title=&#8220;Arbeitswelt 4.0&#8243; tab_id=&#8220;1595511828435-3-10&#8243;][vc_column_text]<\/p>\n<ul>\n<li>Prognose<\/li>\n<li>Arbeiten in der Zukunft<\/li>\n<li>Arbeitsorganisation &amp; -gestaltung<\/li>\n<li>Teamarbeit<\/li>\n<li>Agile Methoden<\/li>\n<li>Was sind digitale Kompetenzen?<\/li>\n<li>Was \u00e4ndert sich f\u00fcr die Mitarbeiter?<\/li>\n<li>Forderungen der Arbeitgeber<\/li>\n<li>Arbeit im Umbruch<\/li>\n<li>Gesellschaftliche Auswirkungen<\/li>\n<\/ul>\n<p>[\/vc_column_text][\/vc_accordion_tab][vc_accordion_tab title=&#8220;Neues F\u00fchren&#8220; tab_id=&#8220;1595511831123-4-10&#8243;][vc_column_text]<\/p>\n<ul>\n<li>Zuk\u00fcnftige F\u00fchrungskompetenzen<\/li>\n<li>F\u00fchrungskr\u00e4fte als Beziehungsmanager<\/li>\n<li>Digital Leadership<\/li>\n<\/ul>\n<p>[\/vc_column_text][\/vc_accordion_tab][\/vc_accordion][\/vc_column][vc_column column_width_percent=&#8220;100&#8243; gutter_size=&#8220;3&#8243; overlay_alpha=&#8220;50&#8243; shift_x=&#8220;0&#8243; shift_y=&#8220;-2&#8243; shift_y_down=&#8220;0&#8243; z_index=&#8220;0&#8243; medium_width=&#8220;0&#8243; mobile_width=&#8220;0&#8243; width=&#8220;1\/3&#8243;][vc_column_text]<strong><span style=\"font-size: 18pt;\">Kosten:<\/span><br \/>\n<\/strong>169,00 Euro\/St\u00fcck[\/vc_column_text][vc_button button_color=&#8220;color-169240&#8243; border_width=&#8220;0&#8243; link=&#8220;url:https%3A%2F%2Fbueser-akademie.com%2Findex.php%2Fkontakt%2F|title:Kontakt||&#8220; icon=&#8220;fa fa-chevron-right&#8220;]KONTAKT[\/vc_button][\/vc_column][\/vc_row][vc_row][vc_column width=&#8220;1\/1&#8243;][vc_single_image media=&#8220;1032&#8243; media_width_percent=&#8220;100&#8243;][\/vc_column][\/vc_row]<\/p>\n","protected":false},"excerpt":{"rendered":"<p>[vc_row][vc_column column_width_percent=&#8220;100&#8243; gutter_size=&#8220;3&#8243; overlay_alpha=&#8220;50&#8243; shift_x=&#8220;0&#8243; shift_y=&#8220;0&#8243; shift_y_down=&#8220;0&#8243; z_index=&#8220;0&#8243; medium_width=&#8220;0&#8243; mobile_width=&#8220;0&#8243; width=&#8220;1\/1&#8243;][vc_custom_heading text_color=&#8220;color-138194&#8243;] Digitalisierung \u2013 Grundlagen [\/vc_custom_heading][\/vc_column][\/vc_row][vc_row][vc_column column_width_percent=&#8220;100&#8243; gutter_size=&#8220;3&#8243; overlay_alpha=&#8220;50&#8243; shift_x=&#8220;0&#8243; [&hellip;]<\/p>\n","protected":false},"author":4,"featured_media":0,"parent":0,"menu_order":0,"comment_status":"closed","ping_status":"closed","template":"","meta":[],"_links":{"self":[{"href":"https:\/\/bueser-akademie.com\/index.php\/wp-json\/wp\/v2\/pages\/2473"}],"collection":[{"href":"https:\/\/bueser-akademie.com\/index.php\/wp-json\/wp\/v2\/pages"}],"about":[{"href":"https:\/\/bueser-akademie.com\/index.php\/wp-json\/wp\/v2\/types\/page"}],"author":[{"embeddable":true,"href":"https:\/\/bueser-akademie.com\/index.php\/wp-json\/wp\/v2\/users\/4"}],"replies":[{"embeddable":true,"href":"https:\/\/bueser-akademie.com\/index.php\/wp-json\/wp\/v2\/comments?post=2473"}],"version-history":[{"count":31,"href":"https:\/\/bueser-akademie.com\/index.php\/wp-json\/wp\/v2\/pages\/2473\/revisions"}],"predecessor-version":[{"id":2827,"href":"https:\/\/bueser-akademie.com\/index.php\/wp-json\/wp\/v2\/pages\/2473\/revisions\/2827"}],"wp:attachment":[{"href":"https:\/\/bueser-akademie.com\/index.php\/wp-json\/wp\/v2\/media?parent=2473"}],"curies":[{"name":"wp","href":"https:\/\/api.w.org\/{rel}","templated":true}]}}

<p>[vc_row][vc_column column_width_percent=&#8220;100&#8243; gutter_size=&#8220;3&#8243; overlay_alpha=&#8220;50&#8243; shift_x=&#8220;0&#8243; shift_y=&#8220;0&#8243; shift_y_down=&#8220;0&#8243; z_index=&#8220;0&#8243; medium_width=&#8220;0&#8243; mobile_width=&#8220;0&#8243; width=&#8220;1/1&#8243;][vc_custom_heading text_color=&#8220;color-138194&#8243;]</p>
<h1><span style="font-size: 18pt;"><strong><span style="font-family: Open Sans;">Digitalisierung – Grundlagen</span></strong></span></h1>
<p>[/vc_custom_heading][/vc_column][/vc_row][vc_row][vc_column column_width_percent=&#8220;100&#8243; gutter_size=&#8220;3&#8243; overlay_alpha=&#8220;50&#8243; shift_x=&#8220;0&#8243; shift_y=&#8220;-2&#8243; shift_y_down=&#8220;0&#8243; z_index=&#8220;0&#8243; medium_width=&#8220;0&#8243; mobile_width=&#8220;0&#8243; width=&#8220;1/1&#8243;][vc_single_image media=&#8220;2186&#8243; media_width_percent=&#8220;100&#8243;][/vc_column][/vc_row][vc_row row_height_percent=&#8220;0&#8243; overlay_alpha=&#8220;50&#8243; gutter_size=&#8220;3&#8243; column_width_percent=&#8220;100&#8243; shift_y=&#8220;0&#8243; z_index=&#8220;0&#8243;][vc_column column_width_percent=&#8220;100&#8243; gutter_size=&#8220;3&#8243; overlay_alpha=&#8220;50&#8243; shift_x=&#8220;0&#8243; shift_y=&#8220;-2&#8243; shift_y_down=&#8220;0&#8243; z_index=&#8220;0&#8243; medium_width=&#8220;0&#8243; mobile_width=&#8220;0&#8243; width=&#8220;2/3&#8243; css=&#8220;.vc_custom_1595925187840{padding-top: 6px !important;}&#8220;][vc_column_text]Dieses umfangreiche Grundlagenmodul spricht als Einstieg alle relevanten Teilbereiche der Digitalisierung an, die in den anderen WBTs detailliert fortgeführt werden.</p>
<p>Sie erfahren die Hintergründe des digitalen Wandels und seiner Technologien. Zusätzlich informiert das WBT über mögliche Auswirkungen auf Arbeit und Industrie (und damit nicht zuletzt auch auf Gesellschaft und Politik) und beleuchtet ebenso die Schattenseiten.</p>
<p><span style="font-family: Open Sans; font-size: 18pt;"><strong>Inhalte:<br />
</strong></span><span style="font-family: Open Sans; font-size: 12pt;">Folgenden Themen werden behandelt:</span>[/vc_column_text][vc_accordion][vc_accordion_tab title=&#8220;Rahmenbedingungen&#8220; tab_id=&#8220;1595510982-1-27&#8243;][vc_column_text]</p>
<ul>
<li>Begriffserklärung</li>
<li>Digitaltechnologien</li>
<li>Datenverständnis</li>
<li>Künstliche Intelligenz</li>
<li>Digitale Ökonomie</li>
<li>Digitale Medienkompetenz</li>
<li>Digital Working</li>
<li>Blockchain-Technologie</li>
<li>Internet of Things</li>
</ul>
<p>[/vc_column_text][/vc_accordion_tab][vc_accordion_tab title=&#8220;Digitale Transformation&#8220; tab_id=&#8220;1595510982-2-68&#8243;][vc_column_text]</p>
<ul>
<li>Begriffserklärung</li>
<li>Digital Business</li>
<li>Komponenten</li>
<li>Erfolgsfaktoren für Digitalisierung</li>
<li>Prozessschritte</li>
</ul>
<p>[/vc_column_text][/vc_accordion_tab][vc_accordion_tab title=&#8220;Industrie 4.0&#8243; tab_id=&#8220;1595511798468-2-7&#8243;][vc_column_text]</p>
<ul>
<li>Voraussetzungen</li>
<li>Begriffsherkunft</li>
<li>Was bedeutet Industrie 4.0?</li>
<li>Automatisierung</li>
<li>Smart Factory</li>
</ul>
<p>[/vc_column_text][/vc_accordion_tab][vc_accordion_tab title=&#8220;Arbeitswelt 4.0&#8243; tab_id=&#8220;1595511828435-3-10&#8243;][vc_column_text]</p>
<ul>
<li>Prognose</li>
<li>Arbeiten in der Zukunft</li>
<li>Arbeitsorganisation &amp; -gestaltung</li>
<li>Teamarbeit</li>
<li>Agile Methoden</li>
<li>Was sind digitale Kompetenzen?</li>
<li>Was ändert sich für die Mitarbeiter?</li>
<li>Forderungen der Arbeitgeber</li>
<li>Arbeit im Umbruch</li>
<li>Gesellschaftliche Auswirkungen</li>
</ul>
<p>[/vc_column_text][/vc_accordion_tab][vc_accordion_tab title=&#8220;Neues Führen&#8220; tab_id=&#8220;1595511831123-4-10&#8243;][vc_column_text]</p>
<ul>
<li>Zukünftige Führungskompetenzen</li>
<li>Führungskräfte als Beziehungsmanager</li>
<li>Digital Leadership</li>
</ul>
<p>[/vc_column_text][/vc_accordion_tab][/vc_accordion][/vc_column][vc_column column_width_percent=&#8220;100&#8243; gutter_size=&#8220;3&#8243; overlay_alpha=&#8220;50&#8243; shift_x=&#8220;0&#8243; shift_y=&#8220;-2&#8243; shift_y_down=&#8220;0&#8243; z_index=&#8220;0&#8243; medium_width=&#8220;0&#8243; mobile_width=&#8220;0&#8243; width=&#8220;1/3&#8243;][vc_column_text]<strong><span style="font-size: 18pt;">Kosten:</span><br />
</strong>169,00 Euro/Stück[/vc_column_text][vc_button button_color=&#8220;color-169240&#8243; border_width=&#8220;0&#8243; link=&#8220;url:https%3A%2F%2Fbueser-akademie.com%2Findex.php%2Fkontakt%2F|title:Kontakt||&#8220; icon=&#8220;fa fa-chevron-right&#8220;]KONTAKT[/vc_button][/vc_column][/vc_row][vc_row][vc_column width=&#8220;1/1&#8243;][vc_single_image media=&#8220;1032&#8243; media_width_percent=&#8220;100&#8243;][/vc_column][/vc_row]</p>
